 factor of 194292?
False
Is 427382 a multiple of 138?
False
Is 75334 a multiple of 18?
False
Is 296 a factor of 282207?
False
Does 43 divide 124399?
True
Does 5 divide 150170?
True
Is 73 a factor of 1007823?
False
Is 12 a factor of 60849?
False
Is 431264 a multiple of 32?
True
Does 335 divide 537005?
True
Does 8 divide 8680?
True
Is 333 a factor of 1437894?
True
Does 249 divide 9817323?
True
Is 173740 a multiple of 116?
False
Is 43036 a multiple of 29?
True
Is 1168562 a multiple of 5?
False
Is 10 a factor of 887579?
False
Is 3810734 a multiple of 15?
False
Is 13693104 a multiple of 522?
True
Does 44 divide 606024?
False
Does 589 divide 22618815?
False
Is 84 a factor of 6699?
False
Does 85 divide 78115?
True
Is 16 a factor of 382224?
True
Is 6 a factor of 20606?
False
Does 4 divide 1075104?
True
Is 175946 a multiple of 409?
False
Is 359 a factor of 603838?
True
Is 94 a factor of 144940?
False
Does 10 divide 14494358?
False
Does 12 divide 327327?
False
Does 1346 divide 1858826?
True
Is 5 a factor of 445671?
False
Is 420 a factor of 8433180?
True
Does 17 divide 1116941?
False
Is 12 a factor of 6948?
True
Is 1073 a factor of 244644?
True
Is 328 a factor of 360537?
False
Is 14 a factor of 488810?
True
Is 1423756 a multiple of 33?
False
Is 34 a factor of 223675?
False
Is 14 a factor of 10046376?
False
Is 15 a factor of 21585?
True
Does 24 divide 111312?
True
Is 84 a factor of 1535688?
True
Is 49296 a multiple of 4?
True
Does 158 divide 332116?
True
Is 234551 a multiple of 79?
True
Does 10 divide 143920?
True
Is 26511646 a multiple of 21?
False
Is 36 a factor of 339372?
True
Is 167 a factor of 5943530?
True
Is 748240 a multiple of 14?
False
Is 7 a factor of 1815770?
False
Is 10 a factor of 281052?
False
Is 1114265 a multiple of 523?
False
Is 42 a factor of 85176?
True
Does 44 divide 3212000?
True
Is 674 a factor of 4601398?
True
Is 43 a factor of 160820?
True
Is 27 a factor of 16875?
True
Is 56135 a multiple of 109?
True
Is 6569 a multiple of 9?
False
Does 100 divide 26500?
True
Is 803655 a multiple of 15?
True
Is 640385 a multiple of 305?
False
Is 220 a factor of 153431?
False
Does 28 divide 814744?
True
Does 140 divide 264740?
True
Is 26934 a multiple of 3?
True
Does 69 divide 1156233?
True
Is 483294 a multiple of 14?
True
Is 9 a factor of 4403705?
False
Is 10955 a multiple of 2?
False
Does 15 divide 6533?
False
Is 1519733 a multiple of 11?
False
Does 7 divide 12655285?
False
Is 5434940 a multiple of 5?
True
Is 207 a factor of 4749901?
False
Is 3 a factor of 2937?
True
Is 88 a factor of 450560?
True
Is 189 a factor of 127772?
False
Is 1881296 a multiple of 307?
True
Is 2894517 a multiple of 19?
True
Does 111 divide 469197?
True
Is 6362406 a multiple of 14?
False
Does 1803 divide 393054?
True
Is 74 a factor of 245642?
False
Is 142 a factor of 216124?
True
Is 2048509 a multiple of 89?
False
Is 916136 a multiple of 13?
True
Is 675 a factor of 2907900?
True
Is 12035 a multiple of 5?
True
Does 17 divide 247758?
True
Is 87060 a multiple of 9?
False
Is 38 a factor of 867345?
False
Is 24136614 a multiple of 36?
False
Is 205 a factor of 105165?
True
Is 14 a factor of 2434866?
True
Is 1684421 a multiple of 2?
False
Is 2621433 a multiple of 159?
True
Does 19 divide 1075?
False
Is 81 a factor of 519939?
True
Does 453 divide 4224225?
True
Does 65 divide 23101?
False
Is 720 a factor of 1469687?
False
Is 49 a factor of 45218?
False
Does 209 divide 7095968?
True
Does 24 divide 432216?
True
Does 19 divide 101118?
True
Is 1261184 even?
True
Is 101 a factor of 124474?
False
Is 17568 a multiple of 488?
True
Is 30 a factor of 19050?
True
Does 40 divide 324440?
True
Is 385560 a multiple of 102?
True
Does 11 divide 227084?
True
Is 133763 a multiple of 9?
False
Is 3213258 a multiple of 313?
True
Is 49 a factor of 772515?
False
Is 21 a factor of 2272473?
True
Is 1688491 a multiple of 751?
False
Does 99 divide 1114772?
False
Is 171009 a multiple of 82?
False
Does 96 divide 362880?
True
Is 48794 a multiple of 350?
False
Is 5369 a multiple of 9?
False
Is 184093 a multiple of 188?
False
Is 1002 a factor of 7075122?
True
Is 425544 a multiple of 68?
True
Does 12 divide 6297347?
False
Does 128 divide 385454?
False
Does 23 divide 1142163?
False
Does 245 divide 977795?
True
Is 316 a factor of 39816?
True
Is 195984 a multiple of 14?
False
Is 278 a factor of 4551276?
False
Is 701141 a multiple of 429?
False
Does 364 divide 3086720?
True
Is 8 a factor of 72319?
False
Does 791 divide 514756?
False
Does 162 divide 785953?
False
Does 33 divide 4169517?
True
Is 201231 a multiple of 9?
True
Is 596 a factor of 1246749?
False
Is 10225 a multiple of 5?
True
Is 541 a factor of 1284669?
False
Is 6 a factor of 390?
True
Is 642 a factor of 10540998?
True
Is 53890 a multiple of 34?
True
Is 1386852 a multiple of 40?
False
Does 35 divide 39655?
True
Is 1136112 a multiple of 4?
True
Does 607 divide 248870?
True
Is 40651 a multiple of 18?
False
Is 482081 a multiple of 24?
False
Is 61880 a multiple of 35?
True
Is 11280283 a multiple of 8?
False
Is 25 a factor of 597025?
True
Is 33704 a multiple of 38?
False
Is 5453550 a multiple of 90?
True
Does 345 divide 3589761?
False
Is 1237616 a multiple of 1055?
False
Does 83 divide 2543598?
False
Is 38 a factor of 2014286?
False
Does 201 divide 688666?
False
Is 12 a factor of 240324?
True
Does 142 divide 30246?
True
Is 216545 a multiple of 35?
True
Is 30 a factor of 1284907?
False
Is 14 a factor of 333844?
True
Does 38 divide 96813?
False
Is 11370 a multiple of 5?
True
Is 20 a factor of 543870?
False
Is 1664493 a multiple of 7?
False
Is 3880521 a multiple of 960?
False
Is 247205 a multiple of 50?
False
Is 410 a factor of 63140?
True
Is 121 a factor of 7367873?
False
Does 16 divide 71460?
False
Does 44 divide 6144116?
True
Is 35 a factor of 548940?
True
Does 33 divide 70932?
False
Does 11 divide 888140?
True
Is 2560459 a multiple of 19?
True
Is 11643696 a multiple of 27?
True
Is 376 a factor of 1332?
False
Is 215794 a multiple of 12?
False
Does 112 divide 941136?
True
Is 80971 a multiple of 8?
False
Is 92738 a multiple of 70?
False
Is 3 a factor of 6019?
False
Is 127588 a multiple of 31?
False
Does 3 divide 915986?
False
Is 62809 a multiple of 107?
True
Is 154080 a multiple of 51?
False
Does 8 divide 380465?
False
Does 275 divide 1162034?
False
Is 297 a factor of 331928?
False
Does 141 divide 578100?
True
Is 34 a factor of 1857887?
False
Is 144024 a multiple of 102?
True
Is 24637 a multiple of 7?
False
Is 127650 a multiple of 30?
True
Is 12 a factor of 32724?
True
Does 108 divide 59508?
True
Is 8 a factor of 6411?
False
Is 83 a factor of 1402534?
True
Is 4 a factor of 864648?
True
Is 95 a factor of 273030?
True
Is 19333600 a multiple of 1690?
True
Does 66 divide 99792?
True
Is 5601760 a multiple of 1256?
True
Is 273 a factor of 2476037?
False
Is 52 a factor of 247777?
False
Is 1716 a factor of 11328052?
False
Is 6208 a multiple of 8?
True
Is 1771219 a multiple of 487?
True
Is 75 a factor of 137175?
True
Is 270285 a multiple of 111?
True
Is 1710439 a multiple of 437?
False
Is 296136 a multiple of 5?
False
Is 108 a factor of 37152?
True
Is 1043460 a multiple of 180?
True
Is 28 a factor of 13561?
False
Is 1681925 a multiple of 175?
True
Is 16345 a multiple of 3?
False
Is 83 a factor of 1096355?
False
Is 4 a factor of 4659?
False
Is 755760 a multiple of 17?
False
Is 19809 a multiple of 9?
True
Is 1446203 a multiple of 73?
True
Does 152 divide 143625?
False
Is 10607 a multiple of 31?
False
Is 52 a factor of 518118?
False
Is 18039837 a multiple of 139?
True
Is 2009584 a multiple of 488?
True
Is 2155616 a multiple of 328?
True
Is 33 a factor of 261393?
True
Does 65 divide 1410435?
True
Is 112 a factor of 407344?
True
Is 552 a factor of 934919?
False
Is 629153 a multiple of 7?
True
Is 21 a factor of 61068?
True
Is 172734 a multiple of 12?
False
Is 1453280 a multiple of 248?
True
Is 11 a factor of 18106?
True
Is 29445174 a multiple of 19?
True
Is 15985 a multiple of 5?
True
Is 217 a factor of 12403087?
False
Is 9699804 a multiple of 326?
True
Does 148 divide 409655?
False
Does 9 divide 5155866?
True
Does 20 divide 284260?
True
Does 3 divide 21188?
False
Does 55 divide 980116?
False
Does 83 divide 212654?
False
Is 29 a factor of 7955814?
False
Does 130 divide 480090?
